ate the remainder when s is divided by o.
12
Suppose -2 + 1 = g. Let p be g/(-2) + 5/2. Suppose -p*j + 1 = -14. What is the remainder when j is divided by 3?
2
Let t(q) = 34*q + 7. Calculate the remainder when 243 is divided by t(1).
38
Let t = 0 - -1. Let z be (t - (3 - 1)) + 35. Suppose -2*m + z = -0*m. Calculate the remainder when 50 is divided by m.
16
Let d(t) = 18*t - 1. Let i(b) = -b**2 - 5*b. Let y(j) = -j**2 - 5*j. Let w(u) = -6*i(u) + 5*y(u). Calculate the remainder when d(1) is divided by w(-6).
5
Suppose 8*c - 109 = 179. Calculate the remainder when c is divided by 8.
4
Let t(f) = 2*f - 1. Let g be t(3). Suppose 8 = q + s, g*q - 3*s - 40 = -0*s. Let u = 23 - 1. What is the remainder when u is divided by q?
6
Let r = -16 + 23. Calculate the remainder when 24 is divided by r.
3
Let b be (-1 + -12)/((-1)/(-4)). Let c = -31 - b. Calculate the remainder when c is divided by 12.
9
Let a(b) = 21*b**2 + 4*b + 1. What is the remainder when a(-1) is divided by 10?
8
Suppose -2*a + 135 = -57. Suppose -a = -3*b + 21. Suppose -2*f = 5*x - 6*f - 62, 0 = -4*x - 5*f + 25. Calculate the remainder when b is divided by x.
9
Let b(p) = p**3 - 5*p**2 - 2*p - 13. Let d be b(6). Let s = d + -4. What is the remainder when (-150)/(-8) - (-1)/4 is divided by s?
5
Let q(u) = u**2 + u - 2. Let j be q(-2). Let t(x) = -x**3 + x + 11. Calculate the remainder when t(j) is divided by 4.
3
Suppose -k + 2 = 1. Let h(q) = 23*q. What is the remainder when 89 is divided by h(k)?
20
Let y = -135 + 158. Calculate the remainder when y is divided by 4.
3
Let w(m) = -5*m - 10. Suppose 3*s - 5*s = -18. What is the remainder when w(-7) is divided by s?
7
Let f(d) = d**2 + d. Let v be f(1). Suppose -5*y + 40 = 5*m, 0*y - 4 = -2*m + v*y. Calculate the remainder when m is divided by 4.
1
Let y(m) = 2*m**2 + 7*m + 2. Suppose 2*s + 3*o - 11 = s, -o = -2*s + 22. What is the remainder when y(-7) is divided by s?
7
Suppose -j = -5*j + 60. Calculate the remainder when 55 is divided by j.
10
Let a = 7 + -3. Calculate the remainder when 8 is divided by ((-24)/(-4))/(a/2).
2
Calculate the remainder when ((-8)/(24/(-15)))/(2/14) is divided by 10.
5
Let a(q) = 2*q**2 + 4*q - 4. Suppose 8*y - 5*y = 12. Suppose 0 = 3*w - 2*d - d - 39, -5*w + y*d = -66. Calculate the remainder when a(3) is divided by w.
12
Suppose j - 2*d - 3 = 29, -d + 146 = 4*j. Calculate the remainder when 70 is divided by j.
34
Let p(z) = -z - 7. Let q be p(-7). Suppose 2*u - 64 = -q*u. Suppose -2*g + 29 = 7. What is the remainder when u is divided by g?
10
Let f(z) = 2*z + 4. Let d be f(-4). Let b = d + -7. Let x = b + 17. What is the remainder when x is divided by 4?
2
Let l(x) = x**2 - x - 2. Suppose 0 = -4*o - o + 3*f - 24, -4*o + 5*f = 27. What is the remainder when l(o) is divided by 7?
3
Suppose 2*h + 2*m + 6 = 0, 1 = -4*h + m - 1. Suppose 0 = -5*r - k + 4*k, 4*r = -k - 17. Calculate the remainder when 11 is divided by r/((-9)/(-12))*h.
3
Let z = -7 + 3. Let b = z + 13. Calculate the remainder when 25 is divided by b.
7
Let u(c) = -7*c**3 + 3*c**2 - 2*c - 2. Let s be u(2). What is the remainder when (s/35)/(1/(-7)) is divided by 4?
2
Let o = 6 - 13. Let d = 16 + o. Let r = -18 + 34. Calculate the remainder when r is divided by d.
7
Let v(i) = -i**3 - 4*i**2 - 3*i. Let u be v(-3). Suppose -5*n + 24 + 71 = u. What is the remainder when n is divided by 0 + -4*(-35)/20?
5
Let t = 16 + 13. What is the remainder when 229 is divided by t?
26
Let n be 4/(-16) - 5/(-4). Let i = n + 16. What is the remainder when 49 is divided by i?
15
Let a = 10 + -1. Calculate the remainder when 41 is divided by (42/a)/((-3)/(-9)).
13
Suppose 0 = -k - 4*k + 5, 31 = 2*o + 5*k. Suppose -3*p + 7 + 5 = 0, j - 2*p = -47. Let w = -14 - j. What is the remainder when w is divided by o?
12
Let p(o) = o**3 - 9*o**2 + 5. Let v be p(9). What is the remainder when 1/v - (-124)/5 is divided by -1 + -3*14/(-3)?
12
Let j(b) = -6*b + 11. Let p = 18 - 26. What is the remainder when j(p) is divided by 20?
19
Let b be (-8)/(-4) - (-16 - -2). Suppose -r = -5*r - 20, 0 = 2*q + 2*r + 20. Let f = b + q. What is the remainder when f is divided by 4?
3
Let g(c) = c + 1. Let b(y) = -2*y - 2. Let o(u) = b(u) + 4*g(u). Suppose a + 2 = 7. What is the remainder when o(3) is divided by a?
3
Suppose -4*o - 3*m = -0*o - 537, 5*o - 670 = -4*m. What is the remainder when o/(-9)*3/(-1) is divided by 16?
14
Let k be 4 - 2/1 - -2. Suppose -k*w - 4*f = -0*w - 48, 5*w - 48 = -2*f. Let h = 63 + -42. What is the remainder when h is divided by w?
5
Let k(w) = 6*w - 8 - w - 2*w + 3*w. Calculate the remainder when k(7) is divided by 12.
10
Suppose -19 = 2*i - 351. What is the remainder when i is divided by 21?
19
Suppose 3*x + 5*o - 295 = -2*x, 0 = 4*x - o - 221. Suppose 2*q + x = 6*q. Let s = 1 + 3. Calculate the remainder when q is divided by s.
2
Calculate the remainder when 88 is divided by ((-45)/12)/(1/(-4)).
13
Suppose 14*g = 191 + 5. Calculate the remainder when 69 is divided by g.
13
Suppose 0 = -3*o - 0 + 12. Suppose 4*v + 3*m = -o, -5*v = 5*m + 10 - 0. What is the remainder when 8/6*6/4 is divided by v?
0
Suppose 4*h - 37 = -5*w, 3*h - w - 2 - 2 = 0. Suppose -5 - 1 = -h*d. Calculate the remainder when 3 is divided by d.
1
Suppose -17 = -5*m + 3*i + 10, 0 = 3*m - 3*i - 21. Suppose w = m*w - 94. What is the remainder when w is divided by 16?
15
Suppose -253 = -5*d - 3*i, 3*i - 36 = 5*d - 283. Calculate the remainder when d is divided by 17.
16
Let u(z) = -z + 6. Let j(m) = m - 13. Let k(q) = 4*j(q) + 9*u(q). Suppose 4*v + 10 - 2 = 0. What is the remainder when 35 is divided by k(v)?
11
Suppose 3*i = 32 + 73. Suppose -i + 5 = -3*p. Calculate the remainder when 27 is divided by p.
7
Let b(s) = -s**3 - 2*s**2 - s - 5. What is the remainder when 59 is divided by b(-4)?
28
Suppose -z - 4*y - 29 = -2*z, 5*y = -3*z + 2. Calculate the remainder when ((-260)/35)/(4/(-14)) is divided by z.
8
Let o(a) = 10*a - 7. Calculate the remainder when o(5) is divided by 11.
10
Let k(c) = 5*c - 17. Let g = 34 + -21. What is the remainder when k(13) is divided by g?
9
Let g(x) = x + 1. Let u(v) = 9 + 21 - v**2 + 4. Calculate the remainder when u(0) is divided by g(11).
10
Let q(r) = 3*r**2 + 7*r + 13. Let o = -34 - -28. What is the remainder when q(o) is divided by 16?
15
Suppose -4*d + 2*c = -12, c + 16 = 4*d - 3*c. Let r be (-5 - -1)*1/d. What is the remainder when -2 + r*(0 + -2) is divided by 1?
0
Suppose -2*b + 26 = 5*t, -2*b + 2 + 0 = t. Let r(q) = q**2 - 3 + q - 8 + 7*q + 6*q. What is the remainder when t is divided by r(-15)?
2
Let s(o) = o + 69. Let a be s(0). Suppose -5*f - 130 = -5*k, -3*f + 3 = 3*k - a. What is the remainder when k is divided by (-2)/6 + (-168)/(-18)?
7
What is the remainder when 79 is divided by ((-3)/2)/(39/(-520))?
19
Let f(m) be the first derivative of 3 - 15/2*m**2 - m. Calculate the remainder when 40 is divided by f(-1).
12
Let g = -56 - -117. What is the remainder when g is divided by 21?
19
Let q = -37 + 15. What is the remainder when 31 is divided by 2/(-4)*q*1?
9
Suppose 6*z - 4 = 7*z. What is the remainder when 909/36 - (-1)/z is divided by 13?
12
Suppose 0 = 5*o + l + 2*l + 2, -3*o - 6 = 3*l. Let p(b) = 4*b + 2 + 1 - 1. Calculate the remainder when 19 is divided by p(o).
9
Let m = -13 - -16. Suppose 0 = -2*i + m + 23. Calculate the remainder when i is divided by 8.
5
Suppose 1 = -v + 4. Suppose v*g + 30 = 6*g. What is the remainder when 27 is divided by g?
7
Suppose 10*h = 14*h - 1620. Suppose -4*n + 13 + 59 = 0. Calculate the remainder when h/12 + (-6)/8 is divided by n.
15
Let s = -2 - -4. Suppose 3*h = o - 48, 0 = -4*o - s*h - 69 + 191. Suppose i - 1 = 16. Calculate the remainder when o is divided by i.
16
Let y(u) = -6*u. Suppose -4 = 5*f + 1. What is the remainder when 22 is divided by y(f)?
4
Let k = 23 - -6. Let l = -7 + 23. What is the remainder when k is divided by l?
13
Let j(h) = -h + 5 + 1 + 4*h. Let l(g) = g + 21. Let m be l(-15). Calculate the remainder when j(m) is divided by 9.
6
Let k(c) = 30*c**3 + 2*c**2 - c - 1. What is the remainder when k(2) is divided by 62?
59
Let w(c) = -3*c - 11. What is the remainder when 54 is divided by w(-10)?
16
Calculate the remainder when 50 is divided by 26*(26/65)/(4/5).
11
Let a = 115 + -80. Let n = -